{"id":83,"date":"2011-10-29T12:53:16","date_gmt":"2011-10-29T10:53:16","guid":{"rendered":"http:\/\/dkz.hr\/?page_id=83"},"modified":"2014-11-07T13:28:20","modified_gmt":"2014-11-07T12:28:20","slug":"nagradeni-clanovi","status":"publish","type":"page","link":"https:\/\/dkz.hr\/?page_id=83","title":{"rendered":"Nagra\u0111eni \u010dlanovi"},"content":{"rendered":"<p>Dobitnici Kukuljevi\u0107eve povelje:<br \/>\nAnte Kitarovi\u0107, 1968.<br \/>\nVjekoslav Ma\u0161trovi\u0107, 1968.<br \/>\nPavao Gali\u0107, 1979.<br \/>\nMirjana \u0160okota, 1998. (posthumno)<br \/>\nTatjana Aparac, 1998.<br \/>\nIvan Pehar, 2002.<\/p>\n<p>Dobitnici nagrade Eva Verona:<br \/>\nMladen Masar, 2004.<br \/>\nFranjo Pehar, Martina Dragija, 2008.<br \/>\nMarijana Tomi\u0107, 2010.<br \/>\nDrahomira Gavranovi\u0107, 2012. <\/p>\n","protected":false},"excerpt":{"rendered":"<p>Dobitnici Kukuljevi\u0107eve povelje: Ante Kitarovi\u0107, 1968. Vjekoslav Ma\u0161trovi\u0107, 1968. Pavao Gali\u0107, 1979. Mirjana \u0160okota, 1998. (posthumno) Tatjana Aparac, 1998. Ivan Pehar, 2002. Dobitnici nagrade Eva Verona: Mladen Masar, 2004. Franjo Pehar, Martina Dragija, 2008. Marijana Tomi\u0107, 2010. Drahomira Gavranovi\u0107, 2012.<\/p>\n","protected":false},"author":9,"featured_media":0,"parent":75,"menu_order":3,"comment_status":"closed","ping_status":"closed","template":"","meta":{"footnotes":""},"class_list":["post-83","page","type-page","status-publish","hentry"],"_links":{"self":[{"href":"https:\/\/dkz.hr\/index.php?rest_route=\/wp\/v2\/pages\/83","targetHints":{"allow":["GET"]}}],"collection":[{"href":"https:\/\/dkz.hr\/index.php?rest_route=\/wp\/v2\/pages"}],"about":[{"href":"https:\/\/dkz.hr\/index.php?rest_route=\/wp\/v2\/types\/page"}],"author":[{"embeddable":true,"href":"https:\/\/dkz.hr\/index.php?rest_route=\/wp\/v2\/users\/9"}],"replies":[{"embeddable":true,"href":"https:\/\/dkz.hr\/index.php?rest_route=%2Fwp%2Fv2%2Fcomments&post=83"}],"version-history":[{"count":6,"href":"https:\/\/dkz.hr\/index.php?rest_route=\/wp\/v2\/pages\/83\/revisions"}],"predecessor-version":[{"id":1349,"href":"https:\/\/dkz.hr\/index.php?rest_route=\/wp\/v2\/pages\/83\/revisions\/1349"}],"up":[{"embeddable":true,"href":"https:\/\/dkz.hr\/index.php?rest_route=\/wp\/v2\/pages\/75"}],"wp:attachment":[{"href":"https:\/\/dkz.hr\/index.php?rest_route=%2Fwp%2Fv2%2Fmedia&parent=83"}],"curies":[{"name":"wp","href":"https:\/\/api.w.org\/{rel}","templated":true}]}}