{"id":1941,"date":"2018-11-07T11:11:55","date_gmt":"2018-11-07T10:11:55","guid":{"rendered":"https:\/\/dkz.hr\/?page_id=1941"},"modified":"2018-11-07T11:12:50","modified_gmt":"2018-11-07T10:12:50","slug":"drustvo-knjiznicara-zadar-na-43-skupstini-hkd-a","status":"publish","type":"page","link":"https:\/\/dkz.hr\/?page_id=1941","title":{"rendered":"Dru\u0161tvo knji\u017eni\u010dara Zadar na 43. Skup\u0161tini HKD-a"},"content":{"rendered":"<div id='gallery-1' class='gallery galleryid-1941 gallery-columns-3 gallery-size-medium'><figure class='gallery-item'>\n\t\t\t<div class='gallery-icon landscape'>\n\t\t\t\t<a href='https:\/\/dkz.hr\/wp-content\/uploads\/2018\/11\/PHOTO-2018-11-07-09-08-30_1.jpg'><img loading=\"lazy\" decoding=\"async\" width=\"300\" height=\"225\" src=\"https:\/\/dkz.hr\/wp-content\/uploads\/2018\/11\/PHOTO-2018-11-07-09-08-30_1-300x225.jpg\" class=\"attachment-medium size-medium\" alt=\"\" srcset=\"https:\/\/dkz.hr\/wp-content\/uploads\/2018\/11\/PHOTO-2018-11-07-09-08-30_1-300x225.jpg 300w, https:\/\/dkz.hr\/wp-content\/uploads\/2018\/11\/PHOTO-2018-11-07-09-08-30_1-768x576.jpg 768w, https:\/\/dkz.hr\/wp-content\/uploads\/2018\/11\/PHOTO-2018-11-07-09-08-30_1-1024x768.jpg 1024w, https:\/\/dkz.hr\/wp-content\/uploads\/2018\/11\/PHOTO-2018-11-07-09-08-30_1.jpg 1600w\" sizes=\"auto, (max-width: 300px) 100vw, 300px\" \/><\/a>\n\t\t\t<\/div><\/figure><figure class='gallery-item'>\n\t\t\t<div class='gallery-icon landscape'>\n\t\t\t\t<a href='https:\/\/dkz.hr\/wp-content\/uploads\/2018\/11\/PHOTO-2018-11-07-09-08-32-4_1.jpg'><img loading=\"lazy\" decoding=\"async\" width=\"300\" height=\"225\" src=\"https:\/\/dkz.hr\/wp-content\/uploads\/2018\/11\/PHOTO-2018-11-07-09-08-32-4_1-300x225.jpg\" class=\"attachment-medium size-medium\" alt=\"\" srcset=\"https:\/\/dkz.hr\/wp-content\/uploads\/2018\/11\/PHOTO-2018-11-07-09-08-32-4_1-300x225.jpg 300w, https:\/\/dkz.hr\/wp-content\/uploads\/2018\/11\/PHOTO-2018-11-07-09-08-32-4_1-768x576.jpg 768w, https:\/\/dkz.hr\/wp-content\/uploads\/2018\/11\/PHOTO-2018-11-07-09-08-32-4_1-1024x768.jpg 1024w, https:\/\/dkz.hr\/wp-content\/uploads\/2018\/11\/PHOTO-2018-11-07-09-08-32-4_1.jpg 1600w\" sizes=\"auto, (max-width: 300px) 100vw, 300px\" \/><\/a>\n\t\t\t<\/div><\/figure><figure class='gallery-item'>\n\t\t\t<div class='gallery-icon landscape'>\n\t\t\t\t<a href='https:\/\/dkz.hr\/wp-content\/uploads\/2018\/11\/PHOTO-2018-11-07-09-08-32_1.jpg'><img loading=\"lazy\" decoding=\"async\" width=\"300\" height=\"225\" src=\"https:\/\/dkz.hr\/wp-content\/uploads\/2018\/11\/PHOTO-2018-11-07-09-08-32_1-300x225.jpg\" class=\"attachment-medium size-medium\" alt=\"\" srcset=\"https:\/\/dkz.hr\/wp-content\/uploads\/2018\/11\/PHOTO-2018-11-07-09-08-32_1-300x225.jpg 300w, https:\/\/dkz.hr\/wp-content\/uploads\/2018\/11\/PHOTO-2018-11-07-09-08-32_1-768x576.jpg 768w, https:\/\/dkz.hr\/wp-content\/uploads\/2018\/11\/PHOTO-2018-11-07-09-08-32_1-1024x768.jpg 1024w, https:\/\/dkz.hr\/wp-content\/uploads\/2018\/11\/PHOTO-2018-11-07-09-08-32_1.jpg 1600w\" sizes=\"auto, (max-width: 300px) 100vw, 300px\" \/><\/a>\n\t\t\t<\/div><\/figure><figure class='gallery-item'>\n\t\t\t<div class='gallery-icon landscape'>\n\t\t\t\t<a href='https:\/\/dkz.hr\/wp-content\/uploads\/2018\/11\/PHOTO-2018-11-07-09-08-45_1.jpg'><img loading=\"lazy\" decoding=\"async\" width=\"300\" height=\"146\" src=\"https:\/\/dkz.hr\/wp-content\/uploads\/2018\/11\/PHOTO-2018-11-07-09-08-45_1-300x146.jpg\" class=\"attachment-medium size-medium\" alt=\"\" srcset=\"https:\/\/dkz.hr\/wp-content\/uploads\/2018\/11\/PHOTO-2018-11-07-09-08-45_1-300x146.jpg 300w, https:\/\/dkz.hr\/wp-content\/uploads\/2018\/11\/PHOTO-2018-11-07-09-08-45_1-768x373.jpg 768w, https:\/\/dkz.hr\/wp-content\/uploads\/2018\/11\/PHOTO-2018-11-07-09-08-45_1-1024x497.jpg 1024w, https:\/\/dkz.hr\/wp-content\/uploads\/2018\/11\/PHOTO-2018-11-07-09-08-45_1.jpg 1600w\" sizes=\"auto, (max-width: 300px) 100vw, 300px\" \/><\/a>\n\t\t\t<\/div><\/figure><figure class='gallery-item'>\n\t\t\t<div class='gallery-icon landscape'>\n\t\t\t\t<a href='https:\/\/dkz.hr\/wp-content\/uploads\/2018\/11\/PHOTO-2018-11-07-09-08-46-4_1.jpg'><img loading=\"lazy\" decoding=\"async\" width=\"300\" height=\"146\" src=\"https:\/\/dkz.hr\/wp-content\/uploads\/2018\/11\/PHOTO-2018-11-07-09-08-46-4_1-300x146.jpg\" class=\"attachment-medium size-medium\" alt=\"\" srcset=\"https:\/\/dkz.hr\/wp-content\/uploads\/2018\/11\/PHOTO-2018-11-07-09-08-46-4_1-300x146.jpg 300w, https:\/\/dkz.hr\/wp-content\/uploads\/2018\/11\/PHOTO-2018-11-07-09-08-46-4_1-768x373.jpg 768w, https:\/\/dkz.hr\/wp-content\/uploads\/2018\/11\/PHOTO-2018-11-07-09-08-46-4_1-1024x497.jpg 1024w, https:\/\/dkz.hr\/wp-content\/uploads\/2018\/11\/PHOTO-2018-11-07-09-08-46-4_1.jpg 1600w\" sizes=\"auto, (max-width: 300px) 100vw, 300px\" \/><\/a>\n\t\t\t<\/div><\/figure><figure class='gallery-item'>\n\t\t\t<div class='gallery-icon landscape'>\n\t\t\t\t<a href='https:\/\/dkz.hr\/wp-content\/uploads\/2018\/11\/PHOTO-2018-11-07-09-08-47-2_1.jpg'><img loading=\"lazy\" decoding=\"async\" width=\"300\" height=\"146\" src=\"https:\/\/dkz.hr\/wp-content\/uploads\/2018\/11\/PHOTO-2018-11-07-09-08-47-2_1-300x146.jpg\" class=\"attachment-medium size-medium\" alt=\"\" srcset=\"https:\/\/dkz.hr\/wp-content\/uploads\/2018\/11\/PHOTO-2018-11-07-09-08-47-2_1-300x146.jpg 300w, https:\/\/dkz.hr\/wp-content\/uploads\/2018\/11\/PHOTO-2018-11-07-09-08-47-2_1-768x373.jpg 768w, https:\/\/dkz.hr\/wp-content\/uploads\/2018\/11\/PHOTO-2018-11-07-09-08-47-2_1-1024x497.jpg 1024w, https:\/\/dkz.hr\/wp-content\/uploads\/2018\/11\/PHOTO-2018-11-07-09-08-47-2_1.jpg 1600w\" sizes=\"auto, (max-width: 300px) 100vw, 300px\" \/><\/a>\n\t\t\t<\/div><\/figure><figure class='gallery-item'>\n\t\t\t<div class='gallery-icon landscape'>\n\t\t\t\t<a href='https:\/\/dkz.hr\/wp-content\/uploads\/2018\/11\/PHOTO-2018-11-07-09-08-47_1.jpg'><img loading=\"lazy\" decoding=\"async\" width=\"300\" height=\"146\" src=\"https:\/\/dkz.hr\/wp-content\/uploads\/2018\/11\/PHOTO-2018-11-07-09-08-47_1-300x146.jpg\" class=\"attachment-medium size-medium\" alt=\"\" srcset=\"https:\/\/dkz.hr\/wp-content\/uploads\/2018\/11\/PHOTO-2018-11-07-09-08-47_1-300x146.jpg 300w, https:\/\/dkz.hr\/wp-content\/uploads\/2018\/11\/PHOTO-2018-11-07-09-08-47_1-768x373.jpg 768w, https:\/\/dkz.hr\/wp-content\/uploads\/2018\/11\/PHOTO-2018-11-07-09-08-47_1-1024x497.jpg 1024w, https:\/\/dkz.hr\/wp-content\/uploads\/2018\/11\/PHOTO-2018-11-07-09-08-47_1.jpg 1600w\" sizes=\"auto, (max-width: 300px) 100vw, 300px\" \/><\/a>\n\t\t\t<\/div><\/figure>\n\t\t<\/div>\n\n","protected":false},"excerpt":{"rendered":"","protected":false},"author":9,"featured_media":0,"parent":306,"menu_order":0,"comment_status":"closed","ping_status":"closed","template":"","meta":{"footnotes":""},"class_list":["post-1941","page","type-page","status-publish","hentry"],"_links":{"self":[{"href":"https:\/\/dkz.hr\/index.php?rest_route=\/wp\/v2\/pages\/1941","targetHints":{"allow":["GET"]}}],"collection":[{"href":"https:\/\/dkz.hr\/index.php?rest_route=\/wp\/v2\/pages"}],"about":[{"href":"https:\/\/dkz.hr\/index.php?rest_route=\/wp\/v2\/types\/page"}],"author":[{"embeddable":true,"href":"https:\/\/dkz.hr\/index.php?rest_route=\/wp\/v2\/users\/9"}],"replies":[{"embeddable":true,"href":"https:\/\/dkz.hr\/index.php?rest_route=%2Fwp%2Fv2%2Fcomments&post=1941"}],"version-history":[{"count":3,"href":"https:\/\/dkz.hr\/index.php?rest_route=\/wp\/v2\/pages\/1941\/revisions"}],"predecessor-version":[{"id":1951,"href":"https:\/\/dkz.hr\/index.php?rest_route=\/wp\/v2\/pages\/1941\/revisions\/1951"}],"up":[{"embeddable":true,"href":"https:\/\/dkz.hr\/index.php?rest_route=\/wp\/v2\/pages\/306"}],"wp:attachment":[{"href":"https:\/\/dkz.hr\/index.php?rest_route=%2Fwp%2Fv2%2Fmedia&parent=1941"}],"curies":[{"name":"wp","href":"https:\/\/api.w.org\/{rel}","templated":true}]}}