{"id":17,"date":"2011-10-28T20:03:56","date_gmt":"2011-10-28T18:03:56","guid":{"rendered":"http:\/\/dkz.hr\/?page_id=17"},"modified":"2017-12-05T14:56:00","modified_gmt":"2017-12-05T13:56:00","slug":"prijava-clanstva","status":"publish","type":"page","link":"https:\/\/dkz.hr\/?page_id=17","title":{"rendered":"Prijava \u010dlanstva"},"content":{"rendered":"<p>\u010clanom DKZ mo\u017ee postati svaki punoljetni, poslovno sposoban dr\u017eavljanin RH ili stranac, koji je zainteresiran za rad u DKZ, i koji prihva\u0107a odredbe <a href=\"https:\/\/dkz.hr\/wp-content\/uploads\/2015\/11\/DKZ_statut_novi_azurirani.pdf\">Statuta Dru\u0161tva knji\u017eni\u010dara Zadar<\/a>. \u010clanom mo\u017ee biti i pravna osoba sa sjedi\u0161tem u RH.<\/p>\n<p>Prijavu za \u010dlanstvom u DKZ po\u0161aljite na <a href=\"&#109;a&#x69;l&#x74;&#111;&#x3a;&#100;&#x72;&#117;s&#x74;v&#x6f;&#64;&#x64;&#107;&#x7a;&#46;&#x68;&#114;\">&#100;&#x72;&#117;&#x73;&#116;&#x76;&#111;&#x40;&#100;&#x6b;&#122;&#x2e;&#104;&#x72;<\/a>. Podaci o uplati \u010dlanarine nalaze se na <a href=\"https:\/\/dkz.hr\/?page_id=1749\">stranici \u010clanarina<\/a>.<\/p>\n<p>Prijava treba sadr\u017eavati:<\/p>\n<li>Ime i prezime<\/li>\n<li>OIB<\/li>\n<li>Godinu ro\u0111enja<\/li>\n<li>Spol<\/li>\n<li>Stru\u010dnu spremu<\/li>\n<li>Adresu<\/li>\n<li>Po\u0161tanski broj<\/li>\n<li>Grad<\/li>\n<li>Dr\u017eavu<\/li>\n<li>Broj telefona<\/li>\n<li>E-mail adresu<\/li>\n<p><\/p>\n<p>Ukoliko ste zaposleni u nekoj ustanovi, prijava treba sadr\u017eavati i:<\/p>\n<li>Naziv ustanove<\/li>\n<li>Adresu ustanove<\/li>\n<li>Po\u0161tanski broj ustanove<\/li>\n<li>Grad u kojem se ustanova nalazi<\/li>\n<li>Dr\u017eavu u kojoj se ustanova nalazi<\/li>\n<li>Telefonski broj ustanove<\/li>\n<li>E-mail ustanove<\/li>\n","protected":false},"excerpt":{"rendered":"<p>\u010clanom DKZ mo\u017ee postati svaki punoljetni, poslovno sposoban dr\u017eavljanin RH ili stranac, koji je zainteresiran za rad u DKZ, i koji prihva\u0107a odredbe Statuta Dru\u0161tva knji\u017eni\u010dara Zadar. \u010clanom mo\u017ee biti i pravna osoba sa sjedi\u0161tem u RH. Prijavu za \u010dlanstvom u DKZ po\u0161aljite na &#x64;&#x72;&#x75;&#x73;&#x74;&#x76;&#x6f;&#x40;&#x64;&#x6b;&#x7a;&#x2e;&#x68;&#x72;. Podaci o uplati \u010dlanarine nalaze se na stranici \u010clanarina. Prijava &hellip; <a href=\"https:\/\/dkz.hr\/?page_id=17\" class=\"more-link\">Nastavi \u010ditati <span class=\"screen-reader-text\">Prijava \u010dlanstva<\/span><\/a><\/p>\n","protected":false},"author":9,"featured_media":0,"parent":75,"menu_order":0,"comment_status":"closed","ping_status":"closed","template":"","meta":{"footnotes":""},"class_list":["post-17","page","type-page","status-publish","hentry"],"_links":{"self":[{"href":"https:\/\/dkz.hr\/index.php?rest_route=\/wp\/v2\/pages\/17","targetHints":{"allow":["GET"]}}],"collection":[{"href":"https:\/\/dkz.hr\/index.php?rest_route=\/wp\/v2\/pages"}],"about":[{"href":"https:\/\/dkz.hr\/index.php?rest_route=\/wp\/v2\/types\/page"}],"author":[{"embeddable":true,"href":"https:\/\/dkz.hr\/index.php?rest_route=\/wp\/v2\/users\/9"}],"replies":[{"embeddable":true,"href":"https:\/\/dkz.hr\/index.php?rest_route=%2Fwp%2Fv2%2Fcomments&post=17"}],"version-history":[{"count":12,"href":"https:\/\/dkz.hr\/index.php?rest_route=\/wp\/v2\/pages\/17\/revisions"}],"predecessor-version":[{"id":1753,"href":"https:\/\/dkz.hr\/index.php?rest_route=\/wp\/v2\/pages\/17\/revisions\/1753"}],"up":[{"embeddable":true,"href":"https:\/\/dkz.hr\/index.php?rest_route=\/wp\/v2\/pages\/75"}],"wp:attachment":[{"href":"https:\/\/dkz.hr\/index.php?rest_route=%2Fwp%2Fv2%2Fmedia&parent=17"}],"curies":[{"name":"wp","href":"https:\/\/api.w.org\/{rel}","templated":true}]}}