{"id":13,"date":"2011-10-28T19:39:56","date_gmt":"2011-10-28T17:39:56","guid":{"rendered":"http:\/\/dkz.hr\/?page_id=13"},"modified":"2023-09-25T09:00:32","modified_gmt":"2023-09-25T08:00:32","slug":"kontakt","status":"publish","type":"page","link":"https:\/\/dkz.hr\/?page_id=13","title":{"rendered":"Kontakt"},"content":{"rendered":"<p>Dru\u0161tvo knji\u017eni\u010dara Zadar<br \/>\nc\/o Gradska knji\u017enica Zadar<br \/>\nStjepana Radi\u0107a 11b<br \/>\n23 000 Zadar<br \/>\nE-mail: <a href=\"&#x6d;&#x61;&#105;&#108;t&#x6f;&#x3a;&#x64;&#114;us&#x74;&#x76;&#111;&#64;d&#x6b;&#x7a;&#x2e;&#104;r ; &#x6d;&#105;l&#x6b;&#111;&#64;&#x67;&#107;z&#x64;&#x2e;&#104;&#x72; ; &#x6d;&#97;t&#x65;&#97;&#46;&#x62;&#97;k&#x6d;&#97;z&#x40;&#103;k&#x7a;&#100;&#46;&#x68;&#114;\">drustv&#111;&#64;&#100;&#107;&#122;&#46;&#104;&#x72;<\/a><\/p>\n<p>Predsjednica: Matea Bakmaz<br \/>\nGradska knji\u017enica Zadar<br \/>\nStjepana Radi\u0107a 11b<br \/>\n23 000 Zadar<br \/>\nTel.: 023\/301-103<br \/>\nE-mail: <a href=\"&#109;&#x61;&#105;&#x6c;&#116;&#x6f;&#58;&#x64;&#114;&#x75;&#115;&#x74;&#118;&#x6f;&#64;&#x64;&#107;&#x7a;&#46;&#x68;&#114; ; &#x6d;&#x69;&#108;&#107;o&#x40;&#x67;&#x6b;&#122;d&#46;&#x68;&#x72; ; ma&#116;&#101;&#97;&#x2e;&#x62;&#x61;&#x6b;&#x6d;az&#64;&#103;&#107;&#x7a;&#x64;&#x2e;&#x68;&#x72;\">&#109;a&#x74;e&#x61;&#46;&#x62;a&#x6b;m&#x61;z&#x40;&#103;&#x6b;&#122;&#x64;&#46;&#x68;&#114;<\/a><\/p>\n<p>Ostali podaci:<\/p>\n<p>RNO broj: 0188450<br \/>\nMati\u010dni broj: 03155919<br \/>\nOIB: 51881271071<\/p>\n","protected":false},"excerpt":{"rendered":"<p>Dru\u0161tvo knji\u017eni\u010dara Zadar c\/o Gradska knji\u017enica Zadar Stjepana Radi\u0107a 11b 23 000 Zadar E-mail: &#x64;r&#x75;&#115;&#x74;&#118;o&#x40;&#100;&#x6b;&#122;&#46;&#x68;&#114; Predsjednica: Matea Bakmaz Gradska knji\u017enica Zadar Stjepana Radi\u0107a 11b 23 000 Zadar Tel.: 023\/301-103 E-mail: matea&#46;bakmaz&#64;&#103;&#107;&#122;&#100;&#46;&#104;&#114; Ostali podaci: RNO broj: 0188450 Mati\u010dni broj: 03155919 OIB: 51881271071<\/p>\n","protected":false},"author":9,"featured_media":0,"parent":0,"menu_order":4,"comment_status":"closed","ping_status":"closed","template":"","meta":{"footnotes":""},"class_list":["post-13","page","type-page","status-publish","hentry"],"_links":{"self":[{"href":"https:\/\/dkz.hr\/index.php?rest_route=\/wp\/v2\/pages\/13","targetHints":{"allow":["GET"]}}],"collection":[{"href":"https:\/\/dkz.hr\/index.php?rest_route=\/wp\/v2\/pages"}],"about":[{"href":"https:\/\/dkz.hr\/index.php?rest_route=\/wp\/v2\/types\/page"}],"author":[{"embeddable":true,"href":"https:\/\/dkz.hr\/index.php?rest_route=\/wp\/v2\/users\/9"}],"replies":[{"embeddable":true,"href":"https:\/\/dkz.hr\/index.php?rest_route=%2Fwp%2Fv2%2Fcomments&post=13"}],"version-history":[{"count":35,"href":"https:\/\/dkz.hr\/index.php?rest_route=\/wp\/v2\/pages\/13\/revisions"}],"predecessor-version":[{"id":2020,"href":"https:\/\/dkz.hr\/index.php?rest_route=\/wp\/v2\/pages\/13\/revisions\/2020"}],"wp:attachment":[{"href":"https:\/\/dkz.hr\/index.php?rest_route=%2Fwp%2Fv2%2Fmedia&parent=13"}],"curies":[{"name":"wp","href":"https:\/\/api.w.org\/{rel}","templated":true}]}}